. Calculate y(n).
-1
Suppose 3*x - 3 = 24. Suppose 0 = -6*z + 4*z + 6. Suppose -h - 4*m = -x, 0 = -z*h - 4*m - 10 + 29. Let v(p) = p - 9. Determine v(h).
-4
Suppose -11*x + 13*x + 2 = 0. Let l(a) = 14*a**3 + a**2 + a + 1. Calculate l(x).
-13
Let u = -12 + 7. Let a = 7 + u. Let h(b) = b**2 + 2*b + 1. Give h(a).
9
Let c(u) be the first derivative of -u**4/4 - 2*u**3/3 + u**2/2 + 2*u - 4. Calculate c(2).
-12
Let g(t) = 3*t + 3 - 2 - t + t**2 + 6*t**3. Let s(c) = c. Let a = -4 + 3. Let f be s(a). Calculate g(f).
-6
Let n be (-2)/(-10) - (-42)/15. Suppose -2*v + p + 0*p = 0, -p = n*v - 10. Let c(q) = 5*q**2 - 4*q**2 + v*q**2 + 0*q**2 - 2*q + q**3 - 3. Determine c(-3).
3
Let o = -58 + 67. Let w(u) = -u + 4. Determine w(o).
-5
Let v(t) = 0*t - 1 + 3*t + 9 + t**2 + 5*t. Let d be v(-7). Let o(s) = -9*s**2 + 2*s - 1. Calculate o(d).
-8
Let t(n) = -n**3 - 7*n**2 - 2*n + 5. Suppose -5*x = -7*x - 12. What is t(x)?
-19
Let u(b) = -11 - 5*b + 4 - 2. Let h(q) = -3*q - 5. Let p(s) = 7*h(s) - 4*u(s). What is p(5)?
-4
Suppose 3*f - 11 = -5. Let p(o) = o**3 + o - 1. Determine p(f).
9
Let u(f) = 7*f + 6. Suppose 13 = -4*h - 3*q - 26, 2*h - 4*q = 8. Let n(p) = -15*p - 13. Let x(i) = h*n(i) - 13*u(i). Give x(-4).
4
Let r(m) = 3 + 4 + 1 - m - 5. Suppose 0 = y - 4*y. Let f be r(y). Let x(t) = t + 2. What is x(f)?
5
Let o(v) be the second derivative of -v**3/6 + 2*v**2 - 6*v. Determine o(-4).
8
Let m(t) = -1 + 1 - 2*t. Let x(y) = -y**2 + 3*y + 2. Let a be x(4). What is m(a)?
4
Let o(d) = -3*d**2 - 3*d - 2. Let g(n) = -n**2 - n - 1. Let z(k) = -5*g(k) + 2*o(k). Give z(4).
-19
Let n be (-815)/35 + (-6)/(-21). Let g = 28 + n. Let z(i) = i - 9. Determine z(g).
-4
Let o(b) = b - 6. Suppose 3*t - v - 31 = 0, -v + 23 + 26 = 5*t. Give o(t).
4
Suppose -k + 2*k - 5 = 0. Let p(f) be the second derivative of -5*f**3/6 - 9*f**2/2 + f. Let t(s) = s + 2. Let w(g) = -2*p(g) - 9*t(g). Calculate w(k).
5
Let q(l) = 2*l - 1. Let t(d) = -d. Suppose -8*w + 7*w - 1 = 0. Let j(h) = w*t(h) - q(h). Determine j(0).
1
Suppose 0 = 16*x - 17*x. Let w(o) be the third derivative of 0*o - 2*o**2 + 1/6*o**3 - 1/24*o**4 + x. Calculate w(4).
-3
Let r be ((-8)/10)/((-2)/5). Let l(c) = -1 - 6*c + 3*c**3 + 2*c**r + 0 - 2*c**3. Give l(-4).
-9
Let v(i) be the first derivative of i**3/3 + 13*i**2/2 - i - 23. Calculate v(-13).
-1
Suppose -2*k = 2 + 2. Let m(q) = q**2 - 4*q + 2. Let w(x) = -2*x + 1. Let t(a) = 3*m(a) - 7*w(a). What is t(k)?
7
Let l(o) = -o + 0*o - o + o. Suppose 2*h + 1 - 3 = 0. Give l(h).
-1
Let y(o) = o**2 - 3*o - 6. Let i be y(5). Let u = i - 2. Let d(w) = 3 - w - u*w**2 - 3. Determine d(1).
-3
Let x = -2 + 6. Let c(b) be the third derivative of 0*b - 1/6*b**3 + 0 + 5/24*b**x - 2*b**2. Give c(-1).
-6
Suppose 4*w = 2*w + 12. Let j = w + -2. Suppose -d = j*d. Let x(v) = v**2 + 1. Calculate x(d).
1
Let c = 7 + -4. Let q(v) = 3*v**2 + 11*v - 8. Let g(i) = i**2 + 5*i - 4. Let j(b) = 5*g(b) - 2*q(b). What is j(c)?
-4
Let k(o) be the first derivative of 10*o**3/3 - o + 15. Give k(1).
9
Let u(q) = q**2 - 2*q - 3. Let d = -16 + 21. What is u(d)?
12
Let y(s) be the first derivative of -2*s - 7/2*s**2 - 3 - 1/2*s**3. Let x(v) be the first derivative of y(v). What is x(-5)?
8
Let k(v) = -v. Let g(i) = -5*i + 3. Let p(m) = -g(m) + 6*k(m). What is p(0)?
-3
Let w(q) = -q**2 + q - 4. Let p = 2 - 5. What is w(p)?
-16
Let g(o) = 5*o**3 - o**2 - 13*o + 1. Let n(q) = -2*q**3 + q**2 + 6*q. Let y(w) = 3*g(w) + 7*n(w). Calculate y(-3).
3
Suppose -2*k - 6 = -k. Let b(f) = -f**3 - 7*f**2 - 5*f + 1. Determine b(k).
-5
Suppose 2*q - 21 = -3*l, -9 - 15 = -5*q + 2*l. Suppose 3*g = g + q. Let y(t) be the second derivative of -t**3/6 + t**2 + t. Calculate y(g).
-1
Let x(k) be the third derivative of -k**6/120 - k**5/20 - k**4/12 - k**3/2 - 5*k**2. What is x(-2)?
-3
Let c(h) = -h**2 + 4*h + 3. Let p be c(3). Let y be 5/(-15) - 4/p. Let f(d) = -11*d**3 + 2*d + 1. Calculate f(y).
10
Suppose -2 - 6 = 2*x. Let a(u) = -20*u**2 - 26*u - 14. Let p(f) = -7*f**2 - 9*f - 5. Let j(c) = 6*a(c) - 17*p(c). Calculate j(x).
-3
Let g(s) be the first derivative of -s**4/4 + 4*s**3/3 - s**2 - 4*s + 4. Calculate g(3).
-1
Suppose 2*s = -j + 12, 2*j - s = -3*j + 16. Let z(u) = u - 5. Determine z(j).
-1
Suppose 3*y + 6*g - 11 = g, -g = 4*y - 9. Let a(w) = 2*w + 6. Let v(s) = 2*s + 5. Let n(l) = y*a(l) - 3*v(l). What is n(-3)?
3
Let b(p) = p**2 + 6*p - 7. Let j(a) = a**3 - 5*a**2 + 4*a + 4. Let s be j(4). Suppose -s*w + 23 = -4*v - 1, v - 4*w = -3. Give b(v).
0
Let p be 2/(-5) + 54/10. Let j(m) = 14 - p - 4*m**2 + 5*m**2. Calculate j(0).
9
Let c(b) be the third derivative of -b**6/40 + b**5/30 - b**3/6 + 2*b**2. What is c(-1)?
4
Let y(g) = -2*g**3 + 9*g**2 - 7*g + 27. Let v(z) = z**3 - 4*z**2 + 4*z - 14. Let m(s) = 5*v(s) + 3*y(s). What is m(7)?
4
Let q(u) = 14*u**3 + u**2 + 17*u + 9. Let h(b) = -5*b**3 - 6*b - 3. Let o(a) = -8*h(a) - 3*q(a). Give o(-2).
7
Let i(m) = -m - 8. Let j be i(-6). Let t = j - -4. Let c(z) = 3 + t*z + z**2 - 4 - z. Give c(-1).
-1
Let j(s) = s**3 - 8*s**2 + s - 5. Let r be j(8). Let x = 4 - r. Let l(d) = -5*d. Give l(x).
-5
Let r(d) = 4*d + 42. Let l be r(-9). Let w(i) = -2*i - 1. Calculate w(l).
-13
Let m(w) be the second derivative of -1/12*w**4 - w - 1/6*w**3 + 1/2*w**2 + 0. Give m(0).
1
Let t be 2*(2 + (-3)/(-2)). Let s(i) = -7 + 6*i + 2 + 2 - t*i. Calculate s(-6).
3
Let j(l) = l**2 + l + 1. Let y(q) = 5*q**2 + 12. Let i(f) = 6*j(f) - y(f). Determine i(-5).
-11
Suppose 26 = 2*f - 0*f. Let s = f + -16. Let x(v) = -v**3 - 3*v**2 - 2*v. Give x(s).
6
Let y(h) be the third derivative of 5/24*h**4 + 0 + 3*h**2 + 0*h + 1/6*h**3. Give y(1).
6
Let a(i) = -4*i**3 + i - 1. Suppose -3*c = -6, 8 = -v + 2*c - 0. Let k be (v + 10)*3/(-2). Let w be (-7)/k - (-4)/18. Give a(w).
-4
Let o(s) = 8*s - 5. Suppose 3*y - 10 = 5. Determine o(y).
35
Let h = 10 - 6. Let j(z) = -z**3 + 3 + h*z - z**2 + z**2 - z**2. What is j(-2)?
-1
Suppose 15 = u + 4*u. Let z(t) = 1. Let w(y) = -7*y + 4. Let r(d) = u*z(d) - w(d). What is r(1)?
6
Let m(u) = -u**3 - 5*u**2 - 3*u + 3. Let j(i) = -i**2 - 9*i - 12. Suppose -3*z - 5*k = z + 57, -4*z - 4*k = 52. Let y be j(z). Give m(y).
-1
Let w = 9 - 4. Let d(z) = 0 + z**2 + 6 + w*z - 2. Let k be 66/(-15) + (-4)/(-10). Give d(k).
0
Let d be -3 + 4 + 0/2. Let w be (2 + (-1 - 2))*d. Let v(m) be the second derivative of -7*m**3/6 - m**2/2 + 2*m. Determine v(w).
6
Let p(a) = -a**2 - 3*a - 4. Let m be p(-3). Let c(j) = -j**3 - 4*j**2 + 7*j + 4. Suppose 5*q = 1 + 4. Let k(v) = -v. Let o(y) = q*c(y) + 4*k(y). Calculate o(m).
-8
Suppose -g - 10 = -3*g. Let d(b) = -2*b + 3. Calculate d(g).
-7
Let w(u) be the third derivative of -u**5/60 - u**4/12 + u**3/3 + u**2. Suppose -2*n = -q + 2 - 0, 4*n + 3*q + 14 = 0. Let z be 4 + -1 + n - 5. Calculate w(z).
-6
Let k(o) = -2*o - 6. Let j be k(-4). Let i(n) = -n - 1 + 0 - j*n - 5*n. Determine i(-1).
7
Let b(n) = 3*n**2 - 2*n**3 - 4 + 3*n**3 + 3*n**2 + 0*n**3. Let r be -3*3 - (3 + -6). Give b(r).
-4
Let y(p) = p. Suppose -w + 33 = -5*b, -5*b + 2*w + 0*w - 31 = 0. Let u(d) = -d**2 - 5*d + 10. Let f be u(b). Calculate y(f).
-4
Let g = 1 - -3. Let f = 4 + 0. Let m(j) = -5 - 4*j + j + f*j. What is m(g)?
-1
Let z be (-58)/(-8) + 3/(-12). Suppose 3*k = 2*a - 1, 4*a + 9 = -z. Let s(w) = w - 2. Give s(k).
-5
Suppose 5*w + 40 = -5*z, -2 - 3 = 4*z - 5*w. Let v(u) be the third derivative of -u**5/60 - u**4/3 - 5*u**3/6 - 16*u**2 - 3*u. What is v(z)?
10
Let r(y) = y - 5. Suppose 3*o - 4*t - 13 = 8, -3*o = 3*t. Let i be o - 7/(21/(-6)). Give r(i).
0
Let b(t) = t**3 + 2*t**2 - t - 8. Let g be b(-2). Let z(p) = 4*p + 7 - 1 - p. What is z(g)?
-12
Let a(z) = -2*z - 8. Let k be a(-4). Let t(f) = -f**2 - f + 5. Calculate t(k).
5
Let k(x) = -1 - x + 3*x**2 - 2*x**2 + 2*x**2. Suppose h + 2 + 5 = 2*p, -5*h = 2*p + 11. Give k(p).
9
Let f(u) be the second derivative of u**4/6 + u**3/6 + 6*u. What is f(-2)?
6
Let l(n) = -2*n**3 + 2*n**2 - n. Suppose -7*a = -11*a + 4. Give l(a).
-1
Let x be (4 + -3 + 2)*1. Let r(f) = f**3 - 2*f**2 - 3*f + 2. Calculate r(x).
2
Let v = -18 - -20. Let i(z) = 2*z - 3. Let o be i(v). Let d(r) = 10*r**3 - 2*r**2 + 1. Give d(o).
9
Let x = -6 + 2. Let b(h) be the second derivative of -1/12*h**4 + h - 1/2*h**2 - h**3 + 0. What is b(x)?
7
Let h(a) = -5*a**2 - 11*a + 3. Let r(s) = -9*